{"id":50,"date":"2019-03-05T18:33:46","date_gmt":"2019-03-05T17:33:46","guid":{"rendered":"http:\/\/www.dcm.pl\/delfinkinafali\/wordpress\/?page_id=50"},"modified":"2025-07-25T12:33:40","modified_gmt":"2025-07-25T10:33:40","slug":"aktualnosci","status":"publish","type":"page","link":"https:\/\/delfinkinafali.pl\/index.php\/aktualnosci\/","title":{"rendered":"AKTUALNO\u015aCI"},"content":{"rendered":"<style type=\"text\/css\">#post-grid-173 .element_0{display: block;font-size: 19px;line-height: normal;padding: 5px 10px;text-align: center;}#post-grid-173 .element_0:hover{}#post-grid-173 .item{\r\n\t\t\tbackground:#fff;\r\n\t\r\n\t\t\t}<\/style><style type=\"text\/css\">\/*Write your CSS code here*\/<\/style><style type=\"text\/css\">#post-grid-173 {\r\n\t\t\tpadding:10px;\r\n\t\t\tbackground: #fff url() repeat scroll 0 0;\r\n\t\t}#post-grid-173 .item .layer-media{overflow: hidden;\r\n\t\t}@media only screen and (min-width: 1024px ) {#post-grid-173 .item .layer-media{height:auto;}}\r\n\t\t\r\n\t\t@media only screen and ( min-width: 768px ) and ( max-width: 1023px ) {#post-grid-173 .item .layer-media{height:auto}}\r\n\t\t\r\n\t\t@media only screen and ( min-width: 320px ) and ( max-width: 767px ) {#post-grid-173 .item .layer-media{height:auto}}#post-grid-173 .item{\r\n\t\tmargin:10px;}@media only screen and (min-width: 1024px ) {#post-grid-173 .item{height:auto;}}\r\n\t\r\n\t@media only screen and ( min-width: 768px ) and ( max-width: 1023px ) {#post-grid-173 .item{height:auto}}\r\n\t\r\n\t@media only screen and ( min-width: 320px ) and ( max-width: 767px ) {#post-grid-173 .item{height:auto}}\r\n\t@media only screen and (min-width: 1024px ) {\r\n\t#post-grid-173 .item{width:280px}\r\n\t\r\n\t}\r\n\t\r\n\t@media only screen and ( min-width: 768px ) and ( max-width: 1023px ) {\r\n\t#post-grid-173 .item{width:280px}\r\n\t}\r\n\t\r\n\t@media only screen and ( min-width: 320px ) and ( max-width: 767px ) {\r\n\t#post-grid-173 .item{width:90%}\r\n\t}<\/style><div id=\"post-grid-173\" class=\"post-grid grid\"><div class=\"grid-nav-top\"><\/div><div class=\"grid-items \" id=\"\"><div  class=\"item mix skin even flat aktualnosci \"><div class=\"layer-media\"><a href=\"https:\/\/delfinkinafali.pl\/index.php\/2025\/11\/18\/wolne-terminy-2\/\"><img alt=\"\" src=\"https:\/\/delfinkinafali.pl\/wp-content\/uploads\/2025\/11\/TERMINY-NA-ODRABIANIE-ZAJEC-INDYWIDUALNCYCH-300x300.png\" \/><\/a><\/div><div class=\"layer-content\"><div class=\"element element_0 title\"  >Wolne terminy<\/div><\/div><\/div><div  class=\"item mix skin odd flat aktualnosci \"><div class=\"layer-media\"><a href=\"https:\/\/delfinkinafali.pl\/index.php\/2025\/09\/10\/nowy-sezon\/\"><img alt=\"\" src=\"https:\/\/delfinkinafali.pl\/wp-content\/uploads\/2025\/09\/nowy-sezon-kwadrat-300x300.png\" \/><\/a><\/div><div class=\"layer-content\"><div class=\"element element_0 title\"  >Nowy sezon<\/div><\/div><\/div><div  class=\"item mix skin even flat aktualnosci \"><div class=\"layer-media\"><a href=\"https:\/\/delfinkinafali.pl\/index.php\/2025\/07\/25\/przerwa-wakacyjna-2\/\"><img alt=\"\" src=\"https:\/\/delfinkinafali.pl\/wp-content\/uploads\/2025\/07\/przerwa-300x300.png\" \/><\/a><\/div><div class=\"layer-content\"><div class=\"element element_0 title\"  >Wakacje!<\/div><\/div><\/div><div  class=\"item mix skin odd flat aktualnosci \"><div class=\"layer-media\"><a href=\"https:\/\/delfinkinafali.pl\/index.php\/2025\/06\/23\/poziomy-umiejetnosci\/\"><img alt=\"\" src=\"https:\/\/delfinkinafali.pl\/wp-content\/uploads\/2025\/06\/poziomy_umiejetnosci-300x300.png\" \/><\/a><\/div><div class=\"layer-content\"><div class=\"element element_0 title\"  >Poziomy &#8211; tabela<\/div><\/div><\/div><div  class=\"item mix skin even flat aktualnosci \"><div class=\"layer-media\"><a href=\"https:\/\/delfinkinafali.pl\/index.php\/2025\/06\/06\/wakacyjne-szkolki-plywackie\/\"><img alt=\"\" src=\"https:\/\/delfinkinafali.pl\/wp-content\/uploads\/2025\/06\/ChatGPT-Image-6-cze-2025-10_37_06-300x300.png\" \/><\/a><\/div><div class=\"layer-content\"><div class=\"element element_0 title\"  >Szk\u00f3\u0142ki p\u0142ywackie<\/div><\/div><\/div><div  class=\"item mix skin odd flat aktualnosci \"><div class=\"layer-media\"><a href=\"https:\/\/delfinkinafali.pl\/index.php\/2025\/05\/20\/to-tez-nauka\/\"><img alt=\"\" src=\"https:\/\/delfinkinafali.pl\/wp-content\/uploads\/2025\/05\/ChatGPT-Image-20-maj-2025-09_40_29-300x300.png\" \/><\/a><\/div><div class=\"layer-content\"><div class=\"element element_0 title\"  >To te\u017c nauka<\/div><\/div><\/div><div  class=\"item mix skin even flat aktualnosci \"><div class=\"layer-media\"><a href=\"https:\/\/delfinkinafali.pl\/index.php\/2025\/05\/14\/oswajamy-nie-zmuszamy\/\"><img alt=\"\" src=\"https:\/\/delfinkinafali.pl\/wp-content\/uploads\/2025\/05\/strach_przed_woda_osadzone.svg\" \/><\/a><\/div><div class=\"layer-content\"><div class=\"element element_0 title\"  >Nie zmuszajmy<\/div><\/div><\/div><div  class=\"item mix skin odd flat aktualnosci \"><div class=\"layer-media\"><a href=\"https:\/\/delfinkinafali.pl\/index.php\/2025\/05\/14\/wakacje-2015\/\"><img alt=\"\" src=\"https:\/\/delfinkinafali.pl\/wp-content\/uploads\/2025\/05\/ChatGPT-Image-14-maj-2025-12_25_32-300x300.png\" \/><\/a><\/div><div class=\"layer-content\"><div class=\"element element_0 title\"  >Wakacje 2025<\/div><\/div><\/div><div  class=\"item mix skin even flat aktualnosci \"><div class=\"layer-media\"><a href=\"https:\/\/delfinkinafali.pl\/index.php\/2025\/05\/14\/dlaczego-warto\/\"><img alt=\"\" src=\"https:\/\/delfinkinafali.pl\/wp-content\/uploads\/2025\/05\/ChatGPT-Image-14-maj-2025-12_30_51-300x300.png\" \/><\/a><\/div><div class=\"layer-content\"><div class=\"element element_0 title\"  >Dlaczego warto?<\/div><\/div><\/div><div  class=\"item mix skin odd flat aktualnosci \"><div class=\"layer-media\"><a href=\"https:\/\/delfinkinafali.pl\/index.php\/2022\/08\/18\/tabela-oplat-2022-2023\/\"><img alt=\"\" src=\"https:\/\/delfinkinafali.pl\/wp-content\/uploads\/2022\/08\/OP\u0141ATY-2022_2023-300x300.png\" \/><\/a><\/div><div class=\"layer-content\"><div class=\"element element_0 title\"  >Tabela op\u0142at<\/div><\/div><\/div><\/div><div class=\"grid-nav-bottom\"><div class=\"pagination dark\"><div class=\"paginate\"><span aria-current=\"page\" class=\"page-numbers current\">1<\/span>\n<a class=\"page-numbers\" href=\"https:\/\/delfinkinafali.pl\/index.php\/wp-json\/wp\/v2\/pages\/50\/page\/2\/\">2<\/a>\n<a class=\"page-numbers\" href=\"https:\/\/delfinkinafali.pl\/index.php\/wp-json\/wp\/v2\/pages\/50\/page\/3\/\">3<\/a>\n<a class=\"next page-numbers\" href=\"https:\/\/delfinkinafali.pl\/index.php\/wp-json\/wp\/v2\/pages\/50\/page\/2\/\">Nast\u0119pny \u00bb<\/a><\/div ><\/div ><\/div><script>\r\n\t\tjQuery(document).ready(function($)\r\n\t\t{\r\n\t\t\t$(\"#post-grid-173 .layer-media .gallery\").owlCarousel({\r\n\t\t\t\t\r\n\t\t\t\titems : 1,\r\n\r\n\t\t\t\tnavText : [\"\",\"\"],\r\n\t\t\t\tautoplay: true,\r\n\t\t\t\tloop: true,\r\n\t\t\t\tautoHeight : true,\t\r\n\t\t\t\tnav : false,\t\r\n\t\t\t\tdots : false,\t\t\t\t\t\r\n\t\t\t\t\t\t\t\t\t\t\t\r\n\t\t\t\t\t\t\t\t\r\n\t\t\t\t});\r\n\t\t\r\n\t\t});<\/script><\/div>\n","protected":false},"excerpt":{"rendered":"","protected":false},"author":1,"featured_media":0,"parent":0,"menu_order":0,"comment_status":"closed","ping_status":"closed","template":"page-templates\/template_fullwidth.php","meta":{"ngg_post_thumbnail":0,"footnotes":""},"_links":{"self":[{"href":"https:\/\/delfinkinafali.pl\/index.php\/wp-json\/wp\/v2\/pages\/50"}],"collection":[{"href":"https:\/\/delfinkinafali.pl\/index.php\/wp-json\/wp\/v2\/pages"}],"about":[{"href":"https:\/\/delfinkinafali.pl\/index.php\/wp-json\/wp\/v2\/types\/page"}],"author":[{"embeddable":true,"href":"https:\/\/delfinkinafali.pl\/index.php\/wp-json\/wp\/v2\/users\/1"}],"replies":[{"embeddable":true,"href":"https:\/\/delfinkinafali.pl\/index.php\/wp-json\/wp\/v2\/comments?post=50"}],"version-history":[{"count":2,"href":"https:\/\/delfinkinafali.pl\/index.php\/wp-json\/wp\/v2\/pages\/50\/revisions"}],"predecessor-version":[{"id":175,"href":"https:\/\/delfinkinafali.pl\/index.php\/wp-json\/wp\/v2\/pages\/50\/revisions\/175"}],"wp:attachment":[{"href":"https:\/\/delfinkinafali.pl\/index.php\/wp-json\/wp\/v2\/media?parent=50"}],"curies":[{"name":"wp","href":"https:\/\/api.w.org\/{rel}","templated":true}]}}