{"id":116,"date":"2019-03-09T16:31:43","date_gmt":"2019-03-09T15:31:43","guid":{"rendered":"http:\/\/www.dcm.pl\/delfinkinafali\/wordpress\/?page_id=116"},"modified":"2019-03-13T13:02:44","modified_gmt":"2019-03-13T12:02:44","slug":"aquaterapia","status":"publish","type":"page","link":"https:\/\/delfinkinafali.pl\/index.php\/aquaterapia\/","title":{"rendered":"Aquaterapia"},"content":{"rendered":"\n<div class=\"wp-block-media-text alignwide\" style=\"grid-template-columns:51% auto\"><figure class=\"wp-block-media-text__media\"><img decoding=\"async\" loading=\"lazy\" width=\"864\" height=\"576\" src=\"http:\/\/www.dcm.pl\/delfinkinafali\/wordpress\/wp-content\/uploads\/2019\/03\/Bez-nazwy-2-1.jpg\" alt=\"\" class=\"wp-image-287\" srcset=\"https:\/\/delfinkinafali.pl\/wp-content\/uploads\/2019\/03\/Bez-nazwy-2-1.jpg 864w, https:\/\/delfinkinafali.pl\/wp-content\/uploads\/2019\/03\/Bez-nazwy-2-1-300x200.jpg 300w, https:\/\/delfinkinafali.pl\/wp-content\/uploads\/2019\/03\/Bez-nazwy-2-1-768x512.jpg 768w, https:\/\/delfinkinafali.pl\/wp-content\/uploads\/2019\/03\/Bez-nazwy-2-1-200x133.jpg 200w, https:\/\/delfinkinafali.pl\/wp-content\/uploads\/2019\/03\/Bez-nazwy-2-1-690x460.jpg 690w\" sizes=\"(max-width: 864px) 100vw, 864px\" \/><\/figure><div class=\"wp-block-media-text__content\">\n<p>Zaj\u0119cia skierowane s\u0105 dla dzieci w ka\u017cdym wieku, g\u0142\u00f3wnie z zaburzeniami neurologicznymi, ortopedycznymi, wadami postawy oraz og\u00f3lnorozwojowymi. Zapraszamy r\u00f3wnie\u017c dzieci z autyzmem, pora\u017ceniem m\u00f3zgowym oraz zespo\u0142ami genetycznymi. <br><\/p>\n\n\n\n<p>STOSOWANE METODY PRACY: HALLIWICK ORAZ WATSU.<\/p>\n\n\n\n<p><\/p>\n\n\n\n<p>W czym pomaga aquaterapia?<\/p>\n\n\n\n<ul><li>oswajamy si\u0119 z wod\u0105 i uczymy bezpiecznego poruszania si\u0119 w wodzie<\/li><li>uczymy kontroli oddechu oraz utrzymania r\u00f3wnowagi<\/li><li>\u0107wiczymy w wodzie i rozlu\u017aniamy wszystkie mi\u0119\u015bnie cia\u0142a<\/li><li>redukujemy stresu i napi\u0119cia <\/li><li>koordynujemy ruch cia\u0142a z oddechem<\/li><\/ul>\n\n\n\n<p><strong>Czas trwania zaj\u0119\u0107: 30 min. &nbsp;&nbsp;&nbsp;&nbsp;&nbsp;&nbsp;&nbsp;&nbsp;&nbsp;&nbsp;&nbsp;&nbsp;&nbsp;&nbsp;&nbsp;&nbsp;&nbsp;&nbsp;&nbsp;&nbsp;&nbsp;&nbsp;&nbsp;&nbsp;&nbsp;&nbsp;&nbsp;&nbsp;&nbsp;&nbsp;&nbsp;&nbsp;&nbsp;&nbsp;&nbsp;&nbsp;&nbsp;&nbsp;&nbsp;&nbsp;&nbsp;&nbsp;&nbsp;&nbsp;&nbsp;<\/strong><\/p>\n\n\n\n<p><strong>Op\u0142ata: 80 z\u0142\/30 min.<\/strong><br><\/p>\n\n\n<p><!--EndFragment--><br>\n<br>\n<\/p><\/div><\/div>\n","protected":false},"excerpt":{"rendered":"<p>Zaj\u0119cia skierowane s\u0105 dla dzieci w ka\u017cdym wieku, g\u0142\u00f3wnie z zaburzeniami neurologicznymi, ortopedycznymi, wadami postawy oraz og\u00f3lnorozwojowymi. Zapraszamy r\u00f3wnie\u017c dzieci&nbsp;[&hellip;]<\/p>\n","protected":false},"author":1,"featured_media":0,"parent":0,"menu_order":0,"comment_status":"closed","ping_status":"closed","template":"page-templates\/template_fullwidth.php","meta":{"ngg_post_thumbnail":0,"footnotes":""},"_links":{"self":[{"href":"https:\/\/delfinkinafali.pl\/index.php\/wp-json\/wp\/v2\/pages\/116"}],"collection":[{"href":"https:\/\/delfinkinafali.pl\/index.php\/wp-json\/wp\/v2\/pages"}],"about":[{"href":"https:\/\/delfinkinafali.pl\/index.php\/wp-json\/wp\/v2\/types\/page"}],"author":[{"embeddable":true,"href":"https:\/\/delfinkinafali.pl\/index.php\/wp-json\/wp\/v2\/users\/1"}],"replies":[{"embeddable":true,"href":"https:\/\/delfinkinafali.pl\/index.php\/wp-json\/wp\/v2\/comments?post=116"}],"version-history":[{"count":2,"href":"https:\/\/delfinkinafali.pl\/index.php\/wp-json\/wp\/v2\/pages\/116\/revisions"}],"predecessor-version":[{"id":288,"href":"https:\/\/delfinkinafali.pl\/index.php\/wp-json\/wp\/v2\/pages\/116\/revisions\/288"}],"wp:attachment":[{"href":"https:\/\/delfinkinafali.pl\/index.php\/wp-json\/wp\/v2\/media?parent=116"}],"curies":[{"name":"wp","href":"https:\/\/api.w.org\/{rel}","templated":true}]}}

<div class="wp-block-media-text alignwide" style="grid-template-columns:51% auto"><figure class="wp-block-media-text__media"><img decoding="async" loading="lazy" width="864" height="576" src="http://www.dcm.pl/delfinkinafali/wordpress/wp-content/uploads/2019/03/Bez-nazwy-2-1.jpg" alt="" class="wp-image-287" srcset="https://delfinkinafali.pl/wp-content/uploads/2019/03/Bez-nazwy-2-1.jpg 864w, https://delfinkinafali.pl/wp-content/uploads/2019/03/Bez-nazwy-2-1-300x200.jpg 300w, https://delfinkinafali.pl/wp-content/uploads/2019/03/Bez-nazwy-2-1-768x512.jpg 768w, https://delfinkinafali.pl/wp-content/uploads/2019/03/Bez-nazwy-2-1-200x133.jpg 200w, https://delfinkinafali.pl/wp-content/uploads/2019/03/Bez-nazwy-2-1-690x460.jpg 690w" sizes="(max-width: 864px) 100vw, 864px" /></figure><div class="wp-block-media-text__content">
<p>Zajęcia skierowane są dla dzieci w każdym wieku, głównie z zaburzeniami neurologicznymi, ortopedycznymi, wadami postawy oraz ogólnorozwojowymi. Zapraszamy również dzieci z autyzmem, porażeniem mózgowym oraz zespołami genetycznymi. <br></p>



<p>STOSOWANE METODY PRACY: HALLIWICK ORAZ WATSU.</p>



<p></p>



<p>W czym pomaga aquaterapia?</p>



<ul><li>oswajamy się z wodą i uczymy bezpiecznego poruszania się w wodzie</li><li>uczymy kontroli oddechu oraz utrzymania równowagi</li><li>ćwiczymy w wodzie i rozluźniamy wszystkie mięśnie ciała</li><li>redukujemy stresu i napięcia </li><li>koordynujemy ruch ciała z oddechem</li></ul>



<p><strong>Czas trwania zajęć: 30 min. &nbsp;&nbsp;&nbsp;&nbsp;&nbsp;&nbsp;&nbsp;&nbsp;&nbsp;&nbsp;&nbsp;&nbsp;&nbsp;&nbsp;&nbsp;&nbsp;&nbsp;&nbsp;&nbsp;&nbsp;&nbsp;&nbsp;&nbsp;&nbsp;&nbsp;&nbsp;&nbsp;&nbsp;&nbsp;&nbsp;&nbsp;&nbsp;&nbsp;&nbsp;&nbsp;&nbsp;&nbsp;&nbsp;&nbsp;&nbsp;&nbsp;&nbsp;&nbsp;&nbsp;&nbsp;</strong></p>



<p><strong>Opłata: 80 zł/30 min.</strong><br></p>


<p><!--EndFragment--><br>
<br>
</p></div></div>

<p>Zajęcia skierowane są dla dzieci w każdym wieku, głównie z zaburzeniami neurologicznymi, ortopedycznymi, wadami postawy oraz ogólnorozwojowymi. Zapraszamy również dzieci&nbsp;[&hellip;]</p>
